{"id":855,"date":"2019-04-20T05:56:54","date_gmt":"2019-04-20T05:56:54","guid":{"rendered":"http:\/\/localhost\/Business\/?page_id=855"},"modified":"2025-10-29T15:12:03","modified_gmt":"2025-10-29T15:12:03","slug":"about-us-1","status":"publish","type":"page","link":"https:\/\/rockit.bi\/lab\/about-us-1\/","title":{"rendered":"A propos de nous"},"content":{"rendered":"<div class=\"wpb-content-wrapper\"><p>[vc_row tm_bgimagefixed=&#8221;&#8221; break_in_responsive=&#8221;991&#8243; full_width=&#8221;stretch_row&#8221; css=&#8221;.vc_custom_1560144456882{padding-top: 110px !important;padding-bottom: 70px !important;}&#8221; tm_responsive_css=&#8221;55815662|colbreak_no|||||||||colbreak_no|||||30px||25px||colbreak_no||||||||||colbreak_no|||||||||&#8221;][vc_column width=&#8221;1\/2&#8243;][vc_row_inner][vc_column_inner css=&#8221;.vc_custom_1559652796416{padding-right: 0px !important;}&#8221; tm_responsive_css=&#8221;35583694|colbreak_no|||||||||colbreak_no||||||15px|||colbreak_no||||||||||colbreak_no|||||||||&#8221;][vc_single_image image=&#8221;2365&#8243; img_size=&#8221;full&#8221; css=&#8221;.vc_custom_1560147289223{margin-bottom: 30px !important;}&#8221;][\/vc_column_inner][\/vc_row_inner][vc_row_inner][vc_column_inner][vc_single_image image=&#8221;2262&#8243; img_size=&#8221;539&#215;282&#8243;]\n\n<div class=\"tm-fid inside tm-fid-with-icon tm-fid-view-lefticon tm-fid-no-border tm-highlight-fid-style2\">\n\t<div class=\"tm-fid-left\">\n\t\t<div class=\"tm-fid-icon-wrapper\"><i class=\"themifyicon ti-world\"><\/i><\/div>\t<\/div>\n\t<div class=\"tm-fld-contents\">\t\n\t\t<h4 class=\"tm-fid-inner\">\n\t\t\t\t\t\t<span\n\t\t\t\tdata-appear-animation = \"animateDigits\"\n\t\t\t\tdata-from             = \"0\"\n\t\t\t\tdata-to               = \"6\"\n\t\t\t\tdata-interval         = \"2\"\n\t\t\t\tdata-before           = \"\"\n\t\t\t\tdata-before-style     = \"sup\"\n\t\t\t\tdata-after            = \"\"\n\t\t\t\tdata-after-style      = \"sub\"\n\t\t\t\t>\n\t\t\t\t\t6\t\t\t<\/span>\n\t\t\t\t\t<\/h4>\t\n\t\t<h3 class=\"tm-fid-title\"><span>Ann\u00e9es d'exp\u00e9rience<br><\/span><\/h3>\n\t<\/div><!-- .tm-fld-contents -->\n\t<\/div>\n\n\n\n[\/vc_column_inner][\/vc_row_inner][\/vc_column][vc_column width=&#8221;1\/2&#8243; css=&#8221;.vc_custom_1559651263632{padding-left: 30px !important;}&#8221; tm_responsive_css=&#8221;42602367|colbreak_no|||||||||colbreak_no||||||||15px|colbreak_no||||||||||colbreak_no|||||||||&#8221;][vc_row_inner][vc_column_inner css=&#8221;.vc_custom_1559719194599{padding-right: 60px !important;}&#8221; tm_responsive_css=&#8221;35878655|colbreak_no|||||||||colbreak_no||||||15px|||colbreak_no||||||||||colbreak_no|||||||||&#8221;]<div class=\"tm-element-heading-wrapper tm-heading-inner tm-element-align-left tm-seperator-none tm-heading-style-vertical  tm-link-underline tm-skincolor-link\"><section class=\"tm-vc_cta3-container tm-link-underline tm-skincolor-link\"><div class=\"tm-vc_general tm-vc_cta3 tm-cta3-only tm-vc_cta3-style-classic tm-vc_cta3-shape-rounded tm-vc_cta3-align-left tm-vc_cta3-color-transparent tm-vc_cta3-icon-size-md tm-vc_cta3-actions-no tm-cta3-with-desc\"><div class=\"tm-vc_cta3_content-container\"><div class=\"tm-vc_cta3-content\"><header class=\"tm-vc_cta3-content-header tm-wrap\"><div class=\"tm-vc_cta3-headers tm-wrap-cell\"><h4 class=\"tm-custom-heading \" >NOS DEBUTS<\/h4>\n<h2 class=\"tm-custom-heading \" >D\u00e9couvrez comment tout a commenc\u00e9<\/h2>\n<\/div><\/header><div class=\"tm-cta3-content-wrapper\">\n<p class=\"\" data-start=\"194\" data-end=\"496\">Fond\u00e9e par <strong data-start=\"205\" data-end=\"226\">Cyriaque, Karen et Adam<\/strong>, trois passionn\u00e9s du secteur de la sant\u00e9, notre entreprise est n\u00e9e d\u2019une volont\u00e9 commune : rendre les produits m\u00e9dicaux de qualit\u00e9 accessibles \u00e0 tous. D\u00e8s ses d\u00e9buts, l\u2019entreprise s\u2019est d\u00e9marqu\u00e9e par son engagement envers l\u2019excellence, le service client et l\u2019innovation.<\/p>\n<p class=\"\" data-start=\"498\" data-end=\"908\">Lanc\u00e9e modestement, avec une petite \u00e9quipe et une s\u00e9lection cibl\u00e9e de produits, elle a rapidement gagn\u00e9 la confiance de nombreux professionnels de sant\u00e9 gr\u00e2ce \u00e0 sa fiabilit\u00e9 et son sens du service. Aujourd\u2019hui, notre entreprise est fi\u00e8re de compter parmi les fournisseurs reconnus dans le domaine m\u00e9dical, avec des centaines de clients satisfaits, une logistique optimis\u00e9e, et une offre en constante \u00e9volution.<\/p>\n<p><\/div><\/div><\/div><\/div><\/section><\/div> <!-- .tm-element-heading-wrapper container --> [\/vc_column_inner][\/vc_row_inner][\/vc_column][\/vc_row][vc_row tm_bgcolor=&#8221;darkgrey&#8221; tm_bgimage_position=&#8221;right_bottom&#8221; tm_bgimagefixed=&#8221;&#8221; full_width=&#8221;stretch_row&#8221; css=&#8221;.vc_custom_1559825483650{padding-bottom: 65px !important;background-image: url(https:\/\/rockit.bi\/lab\/wp-content\/uploads\/2019\/06\/post-three.jpg?id=2263) !important;background-position: center !important;background-repeat: no-repeat !important;background-size: cover !important;}&#8221; tm_responsive_css=&#8221;46825733|colbreak_no|||||||||colbreak_no|||||45px||20px||colbreak_no||||||||||colbreak_no|||||||||&#8221;][vc_column]<div class=\"tm-element-heading-wrapper tm-heading-inner tm-element-align-center tm-seperator-solid tm-heading-style-vertical \"><section class=\"tm-vc_cta3-container\"><div class=\"tm-vc_general tm-vc_cta3 tm-cta3-only tm-vc_cta3-style-classic tm-vc_cta3-shape-rounded tm-vc_cta3-align-center tm-vc_cta3-color-transparent tm-vc_cta3-icon-size-md tm-vc_cta3-actions-no tm-cta3-without-desc\"><div class=\"tm-vc_cta3_content-container\"><div class=\"tm-vc_cta3-content\"><header class=\"tm-vc_cta3-content-header tm-wrap\"><div class=\"tm-vc_cta3-headers tm-wrap-cell\"><h4 class=\"tm-custom-heading \" >POURQUOI NOUS CHOISIR<\/h4>\n<h2 class=\"tm-custom-heading \" >Nous mettons la satisfaction client au c\u0153ur de notre engagement.<\/h2>\n<\/div><\/header><\/div><\/div><\/div><\/section><\/div> <!-- .tm-element-heading-wrapper container --> [vc_row_inner el_class=&#8221;tm-sbox-border-right&#8221;][vc_column_inner width=&#8221;1\/3&#8243;]<div class=\"tm-sbox tm-sbox-iconalign-before-heading none tm-sbox-bgcolor-transparent tm-bgcolor-transparent tm-sbox-textcolor- tm-textcolor- tm-sbox-isize-lg tm-sbox-isize-lg tm-sbox-istyle-none  tm-sbox-heading-only\"><section class=\"tm-vc_cta3-container\"><div class=\"tm-vc_general tm-vc_cta3 tm-vc_cta3-align-left tm-vc_cta3-icon-size-lg tm-vc_cta3-icons-beforeheading tm-vc_cta3-actions-no\"><div class=\"tm-vc_cta3_content-container\"><div class=\"tm-vc_cta3-content\"><div class=\"tm-vc_cta3-content-header tm-wrap\"><div class=\"tm-vc_cta3-icons tm-wrap-cell\"><div class=\"tm-vc_icon_element tm-vc_icon_element-outer tm-vc_icon_element-align-left \"><div class=\"tm-vc_icon_element-inner  tm-vc_icon_element-color-skincolor tm-vc_icon_element-size-lg tm-vc_icon_element-style-none tm-vc_icon_element-background-color-grey\" ><span class=\"tm-vc_icon_element-icon themifyicon ti-world\" ><\/span><\/div><\/div><\/div><div class=\"tm-vc_cta3-headers tm-wrap-cell\"><h2 class=\"tm-custom-heading \" >Notre Mission<\/h2>\n<\/div><\/div><\/div><div class=\"tm-cta3-desc-btn-wrapper\"><div class=\"tm-cta3-description\"><\/div><\/div><\/div><\/div><\/section><\/div>[\/vc_column_inner][vc_column_inner width=&#8221;2\/3&#8243; css=&#8221;.vc_custom_1555906717488{padding-left: 45px !important;}&#8221;][vc_column_text css=&#8221;&#8221;]Fournir des produits m\u00e9dicaux fiables, s\u00fbrs et innovants pour am\u00e9liorer la qualit\u00e9 des soins et soutenir les professionnels de sant\u00e9 dans leur mission quotidienne. Nous nous engageons \u00e0 offrir un service personnalis\u00e9, r\u00e9actif et de haute qualit\u00e9, afin de garantir la satisfaction de nos clients et contribuer au bien-\u00eatre des patients.[\/vc_column_text][\/vc_column_inner][\/vc_row_inner][vc_row_inner el_class=&#8221;tm-sbox-border-right&#8221;][vc_column_inner width=&#8221;1\/3&#8243;]<div class=\"tm-sbox tm-sbox-iconalign-before-heading none tm-sbox-bgcolor-transparent tm-bgcolor-transparent tm-sbox-textcolor- tm-textcolor- tm-sbox-isize-lg tm-sbox-isize-lg tm-sbox-istyle-none  tm-sbox-heading-only\"><section class=\"tm-vc_cta3-container\"><div class=\"tm-vc_general tm-vc_cta3 tm-vc_cta3-align-left tm-vc_cta3-icon-size-lg tm-vc_cta3-icons-beforeheading tm-vc_cta3-actions-no\"><div class=\"tm-vc_cta3_content-container\"><div class=\"tm-vc_cta3-content\"><div class=\"tm-vc_cta3-content-header tm-wrap\"><div class=\"tm-vc_cta3-icons tm-wrap-cell\"><div class=\"tm-vc_icon_element tm-vc_icon_element-outer tm-vc_icon_element-align-left \"><div class=\"tm-vc_icon_element-inner  tm-vc_icon_element-color-skincolor tm-vc_icon_element-size-lg tm-vc_icon_element-style-none tm-vc_icon_element-background-color-grey\" ><span class=\"tm-vc_icon_element-icon themifyicon ti-bar-chart\" ><\/span><\/div><\/div><\/div><div class=\"tm-vc_cta3-headers tm-wrap-cell\"><h2 class=\"tm-custom-heading \" >Notre Vision<\/h2>\n<\/div><\/div><\/div><div class=\"tm-cta3-desc-btn-wrapper\"><div class=\"tm-cta3-description\"><\/div><\/div><\/div><\/div><\/section><\/div>[\/vc_column_inner][vc_column_inner width=&#8221;2\/3&#8243; css=&#8221;.vc_custom_1555906723216{padding-left: 45px !important;}&#8221;][vc_column_text css=&#8221;&#8221;]Devenir un acteur de r\u00e9f\u00e9rence dans le domaine des fournitures m\u00e9dicales, en offrant des solutions innovantes et accessibles qui r\u00e9pondent aux besoins \u00e9volutifs du secteur de la sant\u00e9. Nous aspirons \u00e0 b\u00e2tir un avenir o\u00f9 chaque professionnel et chaque patient a acc\u00e8s \u00e0 des \u00e9quipements de qualit\u00e9, favorisant des soins efficaces, s\u00fbrs et humains.[\/vc_column_text][\/vc_column_inner][\/vc_row_inner][vc_row_inner el_class=&#8221;tm-sbox-border-right&#8221;][vc_column_inner width=&#8221;1\/3&#8243;]<div class=\"tm-sbox tm-sbox-iconalign-before-heading none tm-sbox-bgcolor-transparent tm-bgcolor-transparent tm-sbox-textcolor- tm-textcolor- tm-sbox-isize-lg tm-sbox-isize-lg tm-sbox-istyle-none  tm-sbox-heading-only\"><section class=\"tm-vc_cta3-container\"><div class=\"tm-vc_general tm-vc_cta3 tm-vc_cta3-align-left tm-vc_cta3-icon-size-lg tm-vc_cta3-icons-beforeheading tm-vc_cta3-actions-no\"><div class=\"tm-vc_cta3_content-container\"><div class=\"tm-vc_cta3-content\"><div class=\"tm-vc_cta3-content-header tm-wrap\"><div class=\"tm-vc_cta3-icons tm-wrap-cell\"><div class=\"tm-vc_icon_element tm-vc_icon_element-outer tm-vc_icon_element-align-left \"><div class=\"tm-vc_icon_element-inner  tm-vc_icon_element-color-skincolor tm-vc_icon_element-size-lg tm-vc_icon_element-style-none tm-vc_icon_element-background-color-grey\" ><span class=\"tm-vc_icon_element-icon themifyicon ti-zip\" ><\/span><\/div><\/div><\/div><div class=\"tm-vc_cta3-headers tm-wrap-cell\"><h2 class=\"tm-custom-heading \" >Nos strat\u00e9gies<\/h2>\n<\/div><\/div><\/div><div class=\"tm-cta3-desc-btn-wrapper\"><div class=\"tm-cta3-description\"><\/div><\/div><\/div><\/div><\/section><\/div>[\/vc_column_inner][vc_column_inner width=&#8221;2\/3&#8243; css=&#8221;.vc_custom_1555906729152{padding-left: 45px !important;}&#8221;][vc_column_text css=&#8221;&#8221;]<strong data-start=\"93\" data-end=\"112\">Notre strat\u00e9gie<\/strong> repose sur la qualit\u00e9, l\u2019innovation et la proximit\u00e9 avec nos clients. Nous s\u00e9lectionnons rigoureusement nos produits pour garantir leur fiabilit\u00e9 et leur conformit\u00e9 aux normes en vigueur. Nous assurons une distribution rapide et efficace. Nous d\u00e9veloppons \u00e9galement des partenariats solides avec des fournisseurs reconnus.[\/vc_column_text][\/vc_column_inner][\/vc_row_inner][\/vc_column][\/vc_row]<\/p>\n<\/div>","protected":false},"excerpt":{"rendered":"<p>[vc_row tm_bgimagefixed=&#8221;&#8221; break_in_responsive=&#8221;991&#8243; full_width=&#8221;stretch_row&#8221; css=&#8221;.vc_custom_1560144456882{padding-top: 110px !important;padding-bottom: 70px !important;}&#8221; tm_responsive_css=&#8221;55815662|colbreak_no|||||||||colbreak_no|||||30px||25px||colbreak_no||||||||||colbreak_no|||||||||&#8221;][vc_column width=&#8221;1\/2&#8243;][vc_row_inner][vc_column_inner css=&#8221;.vc_custom_1559652796416{padding-right: 0px !important;}&#8221; tm_responsive_css=&#8221;35583694|colbreak_no|||||||||colbreak_no||||||15px|||colbreak_no||||||||||colbreak_no|||||||||&#8221;][vc_single_image image=&#8221;2365&#8243; img_size=&#8221;full&#8221; css=&#8221;.vc_custom_1560147289223{margin-bottom: 30px !important;}&#8221;][\/vc_column_inner][\/vc_row_inner][vc_row_inner][vc_column_inner][vc_single_image image=&#8221;2262&#8243; img_size=&#8221;539&#215;282&#8243;][\/vc_column_inner][\/vc_row_inner][\/vc_column][vc_column width=&#8221;1\/2&#8243; css=&#8221;.vc_custom_1559651263632{padding-left: 30px !important;}&#8221; tm_responsive_css=&#8221;42602367|colbreak_no|||||||||colbreak_no||||||||15px|colbreak_no||||||||||colbreak_no|||||||||&#8221;][vc_row_inner][vc_column_inner css=&#8221;.vc_custom_1559719194599{padding-right: 60px !important;}&#8221; tm_responsive_css=&#8221;35878655|colbreak_no|||||||||colbreak_no||||||15px|||colbreak_no||||||||||colbreak_no|||||||||&#8221;][\/vc_column_inner][\/vc_row_inner][\/vc_column][\/vc_row][vc_row tm_bgcolor=&#8221;darkgrey&#8221; tm_bgimage_position=&#8221;right_bottom&#8221; tm_bgimagefixed=&#8221;&#8221; full_width=&#8221;stretch_row&#8221; css=&#8221;.vc_custom_1559825483650{padding-bottom: 65px !important;background-image: url(https:\/\/rockit.bi\/lab\/wp-content\/uploads\/2019\/06\/post-three.jpg?id=2263) !important;background-position: center !important;background-repeat: no-repeat !important;background-size: cover !important;}&#8221; tm_responsive_css=&#8221;46825733|colbreak_no|||||||||colbreak_no|||||45px||20px||colbreak_no||||||||||colbreak_no|||||||||&#8221;][vc_column][vc_row_inner el_class=&#8221;tm-sbox-border-right&#8221;][vc_column_inner width=&#8221;1\/3&#8243;][\/vc_column_inner][vc_column_inner width=&#8221;2\/3&#8243; css=&#8221;.vc_custom_1555906717488{padding-left: 45px !important;}&#8221;][vc_column_text css=&#8221;&#8221;]Fournir des &hellip; <a href=\"https:\/\/rockit.bi\/lab\/about-us-1\/\" class=\"more-link\">Continue reading <span class=\"screen-reader-text\">A propos de nous<\/span><\/a><\/p>\n","protected":false},"author":1,"featured_media":0,"parent":0,"menu_order":7,"comment_status":"closed","ping_status":"closed","template":"","meta":{"footnotes":""},"class_list":["post-855","page","type-page","status-publish","hentry"],"jetpack_sharing_enabled":true,"_links":{"self":[{"href":"https:\/\/rockit.bi\/lab\/wp-json\/wp\/v2\/pages\/855","targetHints":{"allow":["GET"]}}],"collection":[{"href":"https:\/\/rockit.bi\/lab\/wp-json\/wp\/v2\/pages"}],"about":[{"href":"https:\/\/rockit.bi\/lab\/wp-json\/wp\/v2\/types\/page"}],"author":[{"embeddable":true,"href":"https:\/\/rockit.bi\/lab\/wp-json\/wp\/v2\/users\/1"}],"replies":[{"embeddable":true,"href":"https:\/\/rockit.bi\/lab\/wp-json\/wp\/v2\/comments?post=855"}],"version-history":[{"count":15,"href":"https:\/\/rockit.bi\/lab\/wp-json\/wp\/v2\/pages\/855\/revisions"}],"predecessor-version":[{"id":2912,"href":"https:\/\/rockit.bi\/lab\/wp-json\/wp\/v2\/pages\/855\/revisions\/2912"}],"wp:attachment":[{"href":"https:\/\/rockit.bi\/lab\/wp-json\/wp\/v2\/media?parent=855"}],"curies":[{"name":"wp","href":"https:\/\/api.w.org\/{rel}","templated":true}]}}